 9457794?
4
What is the hundred thousands digit of 6532794?
5
What is the units digit of 3678198?
8
What is the thousands digit of 12243649?
3
What is the hundred thousands digit of 207878?
2
What is the hundred thousands digit of 27329498?
3
What is the millions digit of 4663455?
4
What is the ten thousands digit of 8804081?
0
What is the hundreds digit of 134805?
8
What is the ten thousands digit of 242736?
4
What is the thousands digit of 21092471?
2
What is the hundred thousands digit of 471408?
4
What is the ten thousands digit of 47015?
4
What is the tens digit of 271866?
6
What is the hundred thousands digit of 742268?
7
What is the ten millions digit of 17283384?
1
What is the hundreds digit of 1030122?
1
What is the hundred thousands digit of 136326?
1
What is the ten thousands digit of 10870650?
7
What is the ten thousands digit of 18785326?
8
What is the units digit of 14834?
4
What is the tens digit of 308098?
9
What is the thousands digit of 40797239?
7
What is the hundreds digit of 32809?
8
What is the thousands digit of 11907051?
7
What is the units digit of 8411588?
8
What is the thousands digit of 244498?
4
What is the hundred thousands digit of 22340999?
3
What is the hundreds digit of 464325?
3
What is the tens digit of 2419774?
7
What is the tens digit of 36445?
4
What is the hundred thousands digit of 22556322?
5
What is the ten thousands digit of 7303138?
0
What is the hundreds digit of 1462843?
8
What is the thousands digit of 748139?
8
What is the tens digit of 142629?
2
What is the thousands digit of 14328?
4
What is the hundreds digit of 157320?
3
What is the thousands digit of 456229?
6
What is the thousands digit of 1427049?
7
What is the thousands digit of 4866314?
6
What is the tens digit of 88020?
2
What is the tens digit of 4261417?
1
What is the millions digit of 4215907?
4
What is the tens digit of 10569170?
7
What is the thousands digit of 13777177?
7
What is the thousands digit of 3629875?
9
What is the units digit of 8037532?
2
What is the hundred thousands digit of 103028?
1
What is the ten thousands digit of 175570?
7
What is the millions digit of 10536563?
0
What is the hundred thousands digit of 2207727?
2
What is the hundred thousands digit of 3342036?
3
What is the units digit of 2399795?
5
What is the thousands digit of 337543?
7
What is the ten thousands digit of 1067855?
6
What is the hundred thousands digit of 489293?
4
What is the millions digit of 1109089?
1
What is the units digit of 252006?
6
What is the millions digit of 5213281?
5
What is the millions digit of 16421124?
6
What is the hundreds digit of 6348127?
1
What is the units digit of 8287841?
1
What is the millions digit of 2463116?
2
What is the ten thousands digit of 69755?
6
What is the units digit of 26139184?
4
What is the ten thousands digit of 1117915?
1
What is the units digit of 1395886?
6
What is the tens digit of 229974?
7
What is the hundred thousands digit of 611903?
6
What is the hundreds digit of 3355294?
2
What is the hundreds digit of 306874?
8
What is the hundred thousands digit of 7256772?
2
What is the hundreds digit of 319773?
7
What is the ten thousands digit of 163345?
6
What is the hundred thousands digit of 4447338?
4
What is the ten thousands digit of 536244?
3
What is the units digit of 1258530?
0
What is the units digit of 513633?
3
What is the units digit of 336820?
0
What is the tens digit of 157641?
4
What is the units digit of 9883563?
3
What is the tens digit of 63868?
6
What is the tens digit of 594752?
5
What is the hundreds digit of 158890?
8
What is the units digit of 1082740?
0
What is the tens digit of 309379?
7
What is the tens digit of 387775?
7
What is the tens digit of 14299978?
7
What is the hundreds digit of 187025?
0
What is the hundreds digit of 202659?
6
What is the thousands digit of 3127166?
7
What is the ten thousands digit of 3244705?
4
What is the ten thousands digit of 2796741?
9
What is the thousands digit of 4645619?
5
What is the tens digit of 1592079?
7
What is the ten thousands digit of 74324?
7
What is the millions digit of 14814538?
4
What is the hundreds digit of 17073488?
4
What is the thousands digit of 9814631?
4
What is the ten thousands digit of 457898?
5
What is the hundred thousands digit of 469958?
4
What is the tens digit of 477572?
7
What is the ten thousands digit of 5928341?
2
What is the thousands digit of 2618964?
8
What is the millions digit of 12539065?
2
What is the thousands digit of 12147718?
7
What is the ten thousands digit of 120395?
2
What is the hundreds digit of 391315?
3
What is the thousands digit of 265534?
5
What is the units digit of 17955135?
5
What is the units digit of 1419284?
4
What is the hundreds digit of 772483?
4
What is the ten thousands digit of 1083803?
8
What is the units digit of 674478?
8
What is the hundreds digit of 1000?
0
What is the hundreds digit of 3632363?
3
What is the ten thousands digit of 237859?
3
What is the units digit of 286526?
6
What is the hundreds digit of 903705?
7
What is the tens digit of 622924?
2
What is the units digit of 3373960?
0
What is the thousands digit of 16615186?
5
What is the ten thousands digit of 256058?
5
What is the hundred thousands digit of 8177807?
1
What is the tens digit of 606007?
0
What is the millions digit of 19581521?
9
What is the hundred thousands digit of 1164510?
1
What is the hundred thousands digit of 22682028?
6
What is the tens digit of 27234118?
1
What is the hundreds digit of 6574128?
1
What is the thousands digit of 4253039?
3
What is the ten millions digit of 21140106?
2
What is the tens digit of 6166170?
7
What is the tens digit of 107988?
8
What is the thousands digit of 19994063?
4
What is the tens digit of 33570?
7
What is the millions digit of 8961954?
8
What is the thousands digit of 85399?
5
What is the tens digit of 265096?
9
What is the hundreds digit of 11331162?
1
What is the tens digit of 6063022?
2
What is the ten thousands digit of 797317?
9
What is the ten thousands digit of 13816250?
1
What is the tens digit of 18838265?
6
What is the ten thousands digit of 2974589?
7
What is the millions digit of 19619764?
9
What is the hundred thousands digit of 395350?
3
What is the thousands digit of 3166778?
6
What is the thousands digit of 379372?
9
What is the hundred thousands digit of 8028631?
0
What is the thousands digit of 6866666?
6
What is the hundred thousands digit of 1593346?
5
What is the hundreds digit of 2429541?
5
What is the thousands digit of 1235301?
5
What is the thousands digit of 177096?
7
What is the millions digit of 1810632?
1
What is the ten thousands digit of 786884?
8
What is the units digit of 343099?
9
What is the units digit of 331054?
4
What is the units digit of 97492?
2
What is the hundred thousands digit of 416403?
4
What is the tens digit of 4464337?
3
What is the tens digit of 2140453?
5
What is the thousands digit of 974894?
4
What is the hundreds digit of 373653?
6
What is the ten thousands digit of 1446833?
4
What is the hundreds digit of 151937?
9
What is the hundred thousands digit of 156820?
1
What is the tens digit of 89696?
9
What is the units digit of 35637?
7
What is the hundred thousands digit of 7894920?
8
What is the units digit of 85057?
7
What is the thousands digit of 41738?
1
What is the units digit of 1856684?
4
What is the units digit of 109284?
4
What is the thousands digit of 462334?
2
What is the tens digit of 314115?
1
What is the hundred thousands digit of 1411872?
4
What is the ten millions digit of 10692741?
1
What is the thousands digit of 3235685?
5
What is the tens digit of 8593907?
0
What is the hundreds digit of 15434459?
4
What is the units digit of 1302105?
5
What is the hundreds digit of 1871039?
0
What is the hundred thousands digit of 8437912?
4
What is the hundred thousands digit of 170264?
1
What is the units digit of 672977?
7
What is the hundred thousands digit of 4064061?
0
What is the hundreds digit of 95150?
1
What is the hundred thousands digit of 279559?
2
What is the hundred thousands digit of 731326?
7
What is the ten thousands digit of 2809573?
0
What is the ten thousands digit of 3392185?
9
What is the hundreds digit of 104949?
9
What is the tens digit of 619596?
9
What is the